{"id":224,"date":"2020-12-21T00:34:51","date_gmt":"2020-12-20T23:34:51","guid":{"rendered":"https:\/\/www.geoserver.hu\/garden\/?page_id=224"},"modified":"2021-12-29T02:12:58","modified_gmt":"2021-12-29T01:12:58","slug":"tartalom","status":"publish","type":"page","link":"https:\/\/www.geoserver.hu\/garden\/","title":{"rendered":"Tartalom"},"content":{"rendered":"<div class=\"wp-block-visual-portfolio\">\n<div class=\"vp-portfolio vp-uid-7c131d43 vp-id-2bJTtN\"\n\tdata-vp-layout=\"tiles\" data-vp-content-source=\"images\" data-vp-items-style=\"emerge\" data-vp-items-click-action=\"url\" data-vp-items-gap=\"15\" data-vp-items-gap-vertical=\"\" data-vp-pagination=\"load-more\" data-vp-next-page-url=\"\" data-vp-tiles-type=\"4|1,1|\" >\n\t<div class=\"vp-portfolio__preloader-wrap\">\n\t\t<div class=\"vp-portfolio__preloader\">\n\t\t\t<img decoding=\"async\" loading=\"eager\" src=\"https:\/\/www.geoserver.hu\/garden\/wp-content\/plugins\/visual-portfolio\/assets\/images\/logo-dark.svg\" alt=\"Visual Portfolio, Posts &amp; Image Gallery for WordPress\" width=\"20\" height=\"20\" data-skip-lazy>\n\t\t<\/div>\n\t<\/div>\n\t\t<div class=\"vp-portfolio__items-wrap\">\n\t\t\t\n<div class=\"vp-portfolio__items vp-portfolio__items-style-emerge vp-portfolio__items-show-overlay-hover vp-portfolio__items-show-caption-hover\">\n\n\t\t<div\t\tclass=\"vp-portfolio__item-wrap category-pisztacia vp-portfolio__item-uid-77a73555\" data-vp-filter=\"pisztacia\" \t\t>\n\t\t\t\t\t\t\t\t\t<figure class=\"vp-portfolio__item\">\n\t\t\t\t\n<div class=\"vp-portfolio__item-img-wrap\">\n\t<div class=\"vp-portfolio__item-img\">\n\t\t\t<a\n\t\thref=\"https:\/\/www.geoserver.hu\/garden\/pistachio-hu\/pisztaciafat_akarok\/\"\n\t\t\t>\n\t\n\t\t<noscript><img loading=\"lazy\" decoding=\"async\" width=\"384\" height=\"384\" data-skip-lazy src=\"https:\/\/www.geoserver.hu\/garden\/wp-content\/uploads\/sites\/4\/2021\/12\/pistachio_2_384x384px.png\" class=\"wp-image-455\" alt=\"Pisztaf\u00e1t akarok\" srcset=\"https:\/\/www.geoserver.hu\/garden\/wp-content\/uploads\/sites\/4\/2021\/12\/pistachio_2_384x384px.png 384w, https:\/\/www.geoserver.hu\/garden\/wp-content\/uploads\/sites\/4\/2021\/12\/pistachio_2_384x384px-300x300.png 300w, https:\/\/www.geoserver.hu\/garden\/wp-content\/uploads\/sites\/4\/2021\/12\/pistachio_2_384x384px-150x150.png 150w\" sizes=\"(max-width: 384px) 100vw, 384px\" \/><\/noscript><img fetchpriority=\"high\" decoding=\"async\" width=\"384\" height=\"384\" src=\"https:\/\/www.geoserver.hu\/garden\/wp-content\/uploads\/sites\/4\/2021\/12\/pistachio_2_384x384px.png\" class=\"wp-image-455 vp-lazyload\" alt=\"Pisztaf\u00e1t akarok\" srcset=\"data:image\/svg+xml;base64,PHN2ZyB3aWR0aD0iMzg0IiBoZWlnaHQ9IjM4NCIgdmlld0JveD0iMCAwIDM4NCAzODQiIGZpbGw9Im5vbmUiIHhtbG5zPSJodHRwOi8vd3d3LnczLm9yZy8yMDAwL3N2ZyI+PC9zdmc+\" data-src=\"https:\/\/www.geoserver.hu\/garden\/wp-content\/uploads\/sites\/4\/2021\/12\/pistachio_2_384x384px.png\" data-srcset=\"https:\/\/www.geoserver.hu\/garden\/wp-content\/uploads\/sites\/4\/2021\/12\/pistachio_2_384x384px.png 384w, https:\/\/www.geoserver.hu\/garden\/wp-content\/uploads\/sites\/4\/2021\/12\/pistachio_2_384x384px-300x300.png 300w, https:\/\/www.geoserver.hu\/garden\/wp-content\/uploads\/sites\/4\/2021\/12\/pistachio_2_384x384px-150x150.png 150w\" data-sizes=\"auto\" loading=\"eager\">\n\t\t<div class=\"vp-portfolio__item-overlay\"><\/div>\n\n\t\t<\/a>\t<\/div>\n<\/div>\n\n\t<figcaption class=\"vp-portfolio__item-caption vp-portfolio__item-caption-text-align-center\">\n\t\t<div class=\"vp-portfolio__item-meta-wrap vp-portfolio__custom-scrollbar\">\n\t\t\t<div class=\"vp-portfolio__item-meta\">\n\t\t\t\t\n<div class=\"vp-portfolio__item-meta-categories\">\n\t\t\t<div class=\"vp-portfolio__item-meta-category\">\n\t\t\t\t<a\n\t\thref=\"https:\/\/www.geoserver.hu\/garden\/wp-json\/wp\/v2\/pages\/224?vp_filter=pisztacia\"\n\t\t\t>\n\tPiszt\u00e1cia<\/a>\t\t<\/div>\n\t\t<\/div>\n\n<h2 class=\"vp-portfolio__item-meta-title\">\n\t\t<a\n\t\thref=\"https:\/\/www.geoserver.hu\/garden\/pistachio-hu\/pisztaciafat_akarok\/\"\n\t\t\t>\n\tPisztaf\u00e1t akarok<\/a><\/h2>\n\t\t\t<\/div>\n\t\t<\/div>\n\t<\/figcaption>\n\t\t\t<\/figure>\n\t\t\t\t\t<\/div>\n\t\t\n\t\t<div\t\tclass=\"vp-portfolio__item-wrap category-pisztacia vp-portfolio__item-uid-0db21ceb\" data-vp-filter=\"pisztacia\" \t\t>\n\t\t\t\t\t\t\t\t\t<figure class=\"vp-portfolio__item\">\n\t\t\t\t\n<div class=\"vp-portfolio__item-img-wrap\">\n\t<div class=\"vp-portfolio__item-img\">\n\t\t\t<a\n\t\thref=\"https:\/\/www.geoserver.hu\/garden\/pistachio-hu\/pisztacia_elso_ev\/\"\n\t\t\t>\n\t\n\t\t<noscript><img loading=\"lazy\" decoding=\"async\" width=\"384\" height=\"384\" data-skip-lazy src=\"https:\/\/www.geoserver.hu\/garden\/wp-content\/uploads\/sites\/4\/2021\/12\/pistachio_first_year_384x384px.png\" class=\"wp-image-484\" alt=\"Piszt\u00e1cia - 1. \u00e9v\" srcset=\"https:\/\/www.geoserver.hu\/garden\/wp-content\/uploads\/sites\/4\/2021\/12\/pistachio_first_year_384x384px.png 384w, https:\/\/www.geoserver.hu\/garden\/wp-content\/uploads\/sites\/4\/2021\/12\/pistachio_first_year_384x384px-300x300.png 300w, https:\/\/www.geoserver.hu\/garden\/wp-content\/uploads\/sites\/4\/2021\/12\/pistachio_first_year_384x384px-150x150.png 150w\" sizes=\"(max-width: 384px) 100vw, 384px\" \/><\/noscript><img decoding=\"async\" width=\"384\" height=\"384\" src=\"https:\/\/www.geoserver.hu\/garden\/wp-content\/uploads\/sites\/4\/2021\/12\/pistachio_first_year_384x384px.png\" class=\"wp-image-484 vp-lazyload\" alt=\"Piszt\u00e1cia - 1. \u00e9v\" srcset=\"data:image\/svg+xml;base64,PHN2ZyB3aWR0aD0iMzg0IiBoZWlnaHQ9IjM4NCIgdmlld0JveD0iMCAwIDM4NCAzODQiIGZpbGw9Im5vbmUiIHhtbG5zPSJodHRwOi8vd3d3LnczLm9yZy8yMDAwL3N2ZyI+PC9zdmc+\" data-src=\"https:\/\/www.geoserver.hu\/garden\/wp-content\/uploads\/sites\/4\/2021\/12\/pistachio_first_year_384x384px.png\" data-srcset=\"https:\/\/www.geoserver.hu\/garden\/wp-content\/uploads\/sites\/4\/2021\/12\/pistachio_first_year_384x384px.png 384w, https:\/\/www.geoserver.hu\/garden\/wp-content\/uploads\/sites\/4\/2021\/12\/pistachio_first_year_384x384px-300x300.png 300w, https:\/\/www.geoserver.hu\/garden\/wp-content\/uploads\/sites\/4\/2021\/12\/pistachio_first_year_384x384px-150x150.png 150w\" data-sizes=\"auto\" loading=\"eager\">\n\t\t<div class=\"vp-portfolio__item-overlay\"><\/div>\n\n\t\t<\/a>\t<\/div>\n<\/div>\n\n\t<figcaption class=\"vp-portfolio__item-caption vp-portfolio__item-caption-text-align-center\">\n\t\t<div class=\"vp-portfolio__item-meta-wrap vp-portfolio__custom-scrollbar\">\n\t\t\t<div class=\"vp-portfolio__item-meta\">\n\t\t\t\t\n<div class=\"vp-portfolio__item-meta-categories\">\n\t\t\t<div class=\"vp-portfolio__item-meta-category\">\n\t\t\t\t<a\n\t\thref=\"https:\/\/www.geoserver.hu\/garden\/wp-json\/wp\/v2\/pages\/224?vp_filter=pisztacia\"\n\t\t\t>\n\tPiszt\u00e1cia<\/a>\t\t<\/div>\n\t\t<\/div>\n\n<h2 class=\"vp-portfolio__item-meta-title\">\n\t\t<a\n\t\thref=\"https:\/\/www.geoserver.hu\/garden\/pistachio-hu\/pisztacia_elso_ev\/\"\n\t\t\t>\n\tPiszt\u00e1cia &#8211; 1. \u00e9v<\/a><\/h2>\n\t\t\t<\/div>\n\t\t<\/div>\n\t<\/figcaption>\n\t\t\t<\/figure>\n\t\t\t\t\t<\/div>\n\t\t\n\t\t<div\t\tclass=\"vp-portfolio__item-wrap category-pisztacia vp-portfolio__item-uid-a7b4cd82\" data-vp-filter=\"pisztacia\" \t\t>\n\t\t\t\t\t\t\t\t\t<figure class=\"vp-portfolio__item\">\n\t\t\t\t\n<div class=\"vp-portfolio__item-img-wrap\">\n\t<div class=\"vp-portfolio__item-img\">\n\t\t\t<a\n\t\thref=\"https:\/\/www.geoserver.hu\/garden\/pistachio-hu\/pisztacia_az_elso_tel\/\"\n\t\t\t>\n\t\n\t\t<noscript><img loading=\"lazy\" decoding=\"async\" width=\"384\" height=\"384\" data-skip-lazy src=\"https:\/\/www.geoserver.hu\/garden\/wp-content\/uploads\/sites\/4\/2021\/04\/pistachio_first_winter_384x384px.png\" class=\"wp-image-401\" alt=\"Piszt\u00e1cia - Az els\u0151 t\u00e9l\" srcset=\"https:\/\/www.geoserver.hu\/garden\/wp-content\/uploads\/sites\/4\/2021\/04\/pistachio_first_winter_384x384px.png 384w, https:\/\/www.geoserver.hu\/garden\/wp-content\/uploads\/sites\/4\/2021\/04\/pistachio_first_winter_384x384px-300x300.png 300w, https:\/\/www.geoserver.hu\/garden\/wp-content\/uploads\/sites\/4\/2021\/04\/pistachio_first_winter_384x384px-150x150.png 150w\" sizes=\"(max-width: 384px) 100vw, 384px\" \/><\/noscript><img decoding=\"async\" width=\"384\" height=\"384\" src=\"https:\/\/www.geoserver.hu\/garden\/wp-content\/uploads\/sites\/4\/2021\/04\/pistachio_first_winter_384x384px.png\" class=\"wp-image-401 vp-lazyload\" alt=\"Piszt\u00e1cia - Az els\u0151 t\u00e9l\" srcset=\"data:image\/svg+xml;base64,PHN2ZyB3aWR0aD0iMzg0IiBoZWlnaHQ9IjM4NCIgdmlld0JveD0iMCAwIDM4NCAzODQiIGZpbGw9Im5vbmUiIHhtbG5zPSJodHRwOi8vd3d3LnczLm9yZy8yMDAwL3N2ZyI+PC9zdmc+\" data-src=\"https:\/\/www.geoserver.hu\/garden\/wp-content\/uploads\/sites\/4\/2021\/04\/pistachio_first_winter_384x384px.png\" data-srcset=\"https:\/\/www.geoserver.hu\/garden\/wp-content\/uploads\/sites\/4\/2021\/04\/pistachio_first_winter_384x384px.png 384w, https:\/\/www.geoserver.hu\/garden\/wp-content\/uploads\/sites\/4\/2021\/04\/pistachio_first_winter_384x384px-300x300.png 300w, https:\/\/www.geoserver.hu\/garden\/wp-content\/uploads\/sites\/4\/2021\/04\/pistachio_first_winter_384x384px-150x150.png 150w\" data-sizes=\"auto\" loading=\"eager\">\n\t\t<div class=\"vp-portfolio__item-overlay\"><\/div>\n\n\t\t<\/a>\t<\/div>\n<\/div>\n\n\t<figcaption class=\"vp-portfolio__item-caption vp-portfolio__item-caption-text-align-center\">\n\t\t<div class=\"vp-portfolio__item-meta-wrap vp-portfolio__custom-scrollbar\">\n\t\t\t<div class=\"vp-portfolio__item-meta\">\n\t\t\t\t\n<div class=\"vp-portfolio__item-meta-categories\">\n\t\t\t<div class=\"vp-portfolio__item-meta-category\">\n\t\t\t\t<a\n\t\thref=\"https:\/\/www.geoserver.hu\/garden\/wp-json\/wp\/v2\/pages\/224?vp_filter=pisztacia\"\n\t\t\t>\n\tPiszt\u00e1cia<\/a>\t\t<\/div>\n\t\t<\/div>\n\n<h2 class=\"vp-portfolio__item-meta-title\">\n\t\t<a\n\t\thref=\"https:\/\/www.geoserver.hu\/garden\/pistachio-hu\/pisztacia_az_elso_tel\/\"\n\t\t\t>\n\tPiszt\u00e1cia &#8211; Az els\u0151 t\u00e9l<\/a><\/h2>\n\t\t\t<\/div>\n\t\t<\/div>\n\t<\/figcaption>\n\t\t\t<\/figure>\n\t\t\t\t\t<\/div>\n\t\t\n\t\t<div\t\tclass=\"vp-portfolio__item-wrap category-pisztacia vp-portfolio__item-uid-8b1cfb97\" data-vp-filter=\"pisztacia\" \t\t>\n\t\t\t\t\t\t\t\t\t<figure class=\"vp-portfolio__item\">\n\t\t\t\t\n<div class=\"vp-portfolio__item-img-wrap\">\n\t<div class=\"vp-portfolio__item-img\">\n\t\t\t<a\n\t\thref=\"https:\/\/www.geoserver.hu\/garden\/pistachio-hu\/pisztacia-2-ev\/\"\n\t\t\t>\n\t\n\t\t<noscript><img loading=\"lazy\" decoding=\"async\" width=\"384\" height=\"384\" data-skip-lazy src=\"https:\/\/www.geoserver.hu\/garden\/wp-content\/uploads\/sites\/4\/2021\/12\/pistachio_2ev_384x384px.png\" class=\"wp-image-457\" alt=\"Piszt\u00e1cia - 2. \u00e9v\" srcset=\"https:\/\/www.geoserver.hu\/garden\/wp-content\/uploads\/sites\/4\/2021\/12\/pistachio_2ev_384x384px.png 384w, https:\/\/www.geoserver.hu\/garden\/wp-content\/uploads\/sites\/4\/2021\/12\/pistachio_2ev_384x384px-300x300.png 300w, https:\/\/www.geoserver.hu\/garden\/wp-content\/uploads\/sites\/4\/2021\/12\/pistachio_2ev_384x384px-150x150.png 150w\" sizes=\"(max-width: 384px) 100vw, 384px\" \/><\/noscript><img decoding=\"async\" width=\"384\" height=\"384\" src=\"https:\/\/www.geoserver.hu\/garden\/wp-content\/uploads\/sites\/4\/2021\/12\/pistachio_2ev_384x384px.png\" class=\"wp-image-457 vp-lazyload\" alt=\"Piszt\u00e1cia - 2. \u00e9v\" srcset=\"data:image\/svg+xml;base64,PHN2ZyB3aWR0aD0iMzg0IiBoZWlnaHQ9IjM4NCIgdmlld0JveD0iMCAwIDM4NCAzODQiIGZpbGw9Im5vbmUiIHhtbG5zPSJodHRwOi8vd3d3LnczLm9yZy8yMDAwL3N2ZyI+PC9zdmc+\" data-src=\"https:\/\/www.geoserver.hu\/garden\/wp-content\/uploads\/sites\/4\/2021\/12\/pistachio_2ev_384x384px.png\" data-srcset=\"https:\/\/www.geoserver.hu\/garden\/wp-content\/uploads\/sites\/4\/2021\/12\/pistachio_2ev_384x384px.png 384w, https:\/\/www.geoserver.hu\/garden\/wp-content\/uploads\/sites\/4\/2021\/12\/pistachio_2ev_384x384px-300x300.png 300w, https:\/\/www.geoserver.hu\/garden\/wp-content\/uploads\/sites\/4\/2021\/12\/pistachio_2ev_384x384px-150x150.png 150w\" data-sizes=\"auto\" loading=\"eager\">\n\t\t<div class=\"vp-portfolio__item-overlay\"><\/div>\n\n\t\t<\/a>\t<\/div>\n<\/div>\n\n\t<figcaption class=\"vp-portfolio__item-caption vp-portfolio__item-caption-text-align-center\">\n\t\t<div class=\"vp-portfolio__item-meta-wrap vp-portfolio__custom-scrollbar\">\n\t\t\t<div class=\"vp-portfolio__item-meta\">\n\t\t\t\t\n<div class=\"vp-portfolio__item-meta-categories\">\n\t\t\t<div class=\"vp-portfolio__item-meta-category\">\n\t\t\t\t<a\n\t\thref=\"https:\/\/www.geoserver.hu\/garden\/wp-json\/wp\/v2\/pages\/224?vp_filter=pisztacia\"\n\t\t\t>\n\tPiszt\u00e1cia<\/a>\t\t<\/div>\n\t\t<\/div>\n\n<h2 class=\"vp-portfolio__item-meta-title\">\n\t\t<a\n\t\thref=\"https:\/\/www.geoserver.hu\/garden\/pistachio-hu\/pisztacia-2-ev\/\"\n\t\t\t>\n\tPiszt\u00e1cia &#8211; 2. \u00e9v<\/a><\/h2>\n\t\t\t<\/div>\n\t\t<\/div>\n\t<\/figcaption>\n\t\t\t<\/figure>\n\t\t\t\t\t<\/div>\n\t\t\n\t\t<div\t\tclass=\"vp-portfolio__item-wrap vp-portfolio__item-uid-02cdf2a5\" data-vp-filter=\"\" \t\t>\n\t\t\t\t\t\t\t\t\t<figure class=\"vp-portfolio__item\">\n\t\t\t\t\n<div class=\"vp-portfolio__item-img-wrap\">\n\t<div class=\"vp-portfolio__item-img\">\n\t\t\t<a\n\t\thref=\"https:\/\/www.geoserver.hu\/garden\/wp-content\/uploads\/sites\/4\/2021\/05\/empty_grey_384x384px.png\"\n\t\t\t>\n\t\n\t\t<noscript><img loading=\"lazy\" decoding=\"async\" width=\"384\" height=\"384\" data-skip-lazy src=\"https:\/\/www.geoserver.hu\/garden\/wp-content\/uploads\/sites\/4\/2021\/05\/empty_grey_384x384px.png\" class=\"wp-image-412\" alt=\"\u00dcres\" srcset=\"https:\/\/www.geoserver.hu\/garden\/wp-content\/uploads\/sites\/4\/2021\/05\/empty_grey_384x384px.png 384w, https:\/\/www.geoserver.hu\/garden\/wp-content\/uploads\/sites\/4\/2021\/05\/empty_grey_384x384px-300x300.png 300w, https:\/\/www.geoserver.hu\/garden\/wp-content\/uploads\/sites\/4\/2021\/05\/empty_grey_384x384px-150x150.png 150w\" sizes=\"(max-width: 384px) 100vw, 384px\" \/><\/noscript><img decoding=\"async\" width=\"384\" height=\"384\" src=\"https:\/\/www.geoserver.hu\/garden\/wp-content\/uploads\/sites\/4\/2021\/05\/empty_grey_384x384px.png\" class=\"wp-image-412 vp-lazyload\" alt=\"\u00dcres\" srcset=\"data:image\/svg+xml;base64,PHN2ZyB3aWR0aD0iMzg0IiBoZWlnaHQ9IjM4NCIgdmlld0JveD0iMCAwIDM4NCAzODQiIGZpbGw9Im5vbmUiIHhtbG5zPSJodHRwOi8vd3d3LnczLm9yZy8yMDAwL3N2ZyI+PC9zdmc+\" data-src=\"https:\/\/www.geoserver.hu\/garden\/wp-content\/uploads\/sites\/4\/2021\/05\/empty_grey_384x384px.png\" data-srcset=\"https:\/\/www.geoserver.hu\/garden\/wp-content\/uploads\/sites\/4\/2021\/05\/empty_grey_384x384px.png 384w, https:\/\/www.geoserver.hu\/garden\/wp-content\/uploads\/sites\/4\/2021\/05\/empty_grey_384x384px-300x300.png 300w, https:\/\/www.geoserver.hu\/garden\/wp-content\/uploads\/sites\/4\/2021\/05\/empty_grey_384x384px-150x150.png 150w\" data-sizes=\"auto\" loading=\"eager\">\n\t\t<div class=\"vp-portfolio__item-overlay\"><\/div>\n\n\t\t<\/a>\t<\/div>\n<\/div>\n\n\t<figcaption class=\"vp-portfolio__item-caption vp-portfolio__item-caption-text-align-center\">\n\t\t<div class=\"vp-portfolio__item-meta-wrap vp-portfolio__custom-scrollbar\">\n\t\t\t<div class=\"vp-portfolio__item-meta\">\n\t\t\t\t\n<h2 class=\"vp-portfolio__item-meta-title\">\n\t\t<a\n\t\thref=\"https:\/\/www.geoserver.hu\/garden\/wp-content\/uploads\/sites\/4\/2021\/05\/empty_grey_384x384px.png\"\n\t\t\t>\n\t\u00dcres<\/a><\/h2>\n\t\t\t<\/div>\n\t\t<\/div>\n\t<\/figcaption>\n\t\t\t<\/figure>\n\t\t\t\t\t<\/div>\n\t\t\n\t\t<div\t\tclass=\"vp-portfolio__item-wrap vp-portfolio__item-uid-ba7195c0\" data-vp-filter=\"\" \t\t>\n\t\t\t\t\t\t\t\t\t<figure class=\"vp-portfolio__item\">\n\t\t\t\t\n<div class=\"vp-portfolio__item-img-wrap\">\n\t<div class=\"vp-portfolio__item-img\">\n\t\t\t<a\n\t\thref=\"https:\/\/www.geoserver.hu\/garden\/wp-content\/uploads\/sites\/4\/2021\/05\/empty_grey_384x384px.png\"\n\t\t\t>\n\t\n\t\t<noscript><img loading=\"lazy\" decoding=\"async\" width=\"384\" height=\"384\" data-skip-lazy src=\"https:\/\/www.geoserver.hu\/garden\/wp-content\/uploads\/sites\/4\/2021\/05\/empty_grey_384x384px.png\" class=\"wp-image-412\" alt=\"\u00dcres\" srcset=\"https:\/\/www.geoserver.hu\/garden\/wp-content\/uploads\/sites\/4\/2021\/05\/empty_grey_384x384px.png 384w, https:\/\/www.geoserver.hu\/garden\/wp-content\/uploads\/sites\/4\/2021\/05\/empty_grey_384x384px-300x300.png 300w, https:\/\/www.geoserver.hu\/garden\/wp-content\/uploads\/sites\/4\/2021\/05\/empty_grey_384x384px-150x150.png 150w\" sizes=\"(max-width: 384px) 100vw, 384px\" \/><\/noscript><img decoding=\"async\" width=\"384\" height=\"384\" src=\"https:\/\/www.geoserver.hu\/garden\/wp-content\/uploads\/sites\/4\/2021\/05\/empty_grey_384x384px.png\" class=\"wp-image-412 vp-lazyload\" alt=\"\u00dcres\" srcset=\"data:image\/svg+xml;base64,PHN2ZyB3aWR0aD0iMzg0IiBoZWlnaHQ9IjM4NCIgdmlld0JveD0iMCAwIDM4NCAzODQiIGZpbGw9Im5vbmUiIHhtbG5zPSJodHRwOi8vd3d3LnczLm9yZy8yMDAwL3N2ZyI+PC9zdmc+\" data-src=\"https:\/\/www.geoserver.hu\/garden\/wp-content\/uploads\/sites\/4\/2021\/05\/empty_grey_384x384px.png\" data-srcset=\"https:\/\/www.geoserver.hu\/garden\/wp-content\/uploads\/sites\/4\/2021\/05\/empty_grey_384x384px.png 384w, https:\/\/www.geoserver.hu\/garden\/wp-content\/uploads\/sites\/4\/2021\/05\/empty_grey_384x384px-300x300.png 300w, https:\/\/www.geoserver.hu\/garden\/wp-content\/uploads\/sites\/4\/2021\/05\/empty_grey_384x384px-150x150.png 150w\" data-sizes=\"auto\" loading=\"eager\">\n\t\t<div class=\"vp-portfolio__item-overlay\"><\/div>\n\n\t\t<\/a>\t<\/div>\n<\/div>\n\n\t<figcaption class=\"vp-portfolio__item-caption vp-portfolio__item-caption-text-align-center\">\n\t\t<div class=\"vp-portfolio__item-meta-wrap vp-portfolio__custom-scrollbar\">\n\t\t\t<div class=\"vp-portfolio__item-meta\">\n\t\t\t\t\n<h2 class=\"vp-portfolio__item-meta-title\">\n\t\t<a\n\t\thref=\"https:\/\/www.geoserver.hu\/garden\/wp-content\/uploads\/sites\/4\/2021\/05\/empty_grey_384x384px.png\"\n\t\t\t>\n\t\u00dcres<\/a><\/h2>\n\t\t\t<\/div>\n\t\t<\/div>\n\t<\/figcaption>\n\t\t\t<\/figure>\n\t\t\t\t\t<\/div>\n\t\t\n\t\t<div\t\tclass=\"vp-portfolio__item-wrap vp-portfolio__item-uid-a8c43a2e\" data-vp-filter=\"\" \t\t>\n\t\t\t\t\t\t\t\t\t<figure class=\"vp-portfolio__item\">\n\t\t\t\t\n<div class=\"vp-portfolio__item-img-wrap\">\n\t<div class=\"vp-portfolio__item-img\">\n\t\t\t<a\n\t\thref=\"https:\/\/www.geoserver.hu\/garden\/wp-content\/uploads\/sites\/4\/2021\/05\/empty_grey_384x384px.png\"\n\t\t\t>\n\t\n\t\t<noscript><img loading=\"lazy\" decoding=\"async\" width=\"384\" height=\"384\" data-skip-lazy src=\"https:\/\/www.geoserver.hu\/garden\/wp-content\/uploads\/sites\/4\/2021\/05\/empty_grey_384x384px.png\" class=\"wp-image-412\" alt=\"\u00dcres\" srcset=\"https:\/\/www.geoserver.hu\/garden\/wp-content\/uploads\/sites\/4\/2021\/05\/empty_grey_384x384px.png 384w, https:\/\/www.geoserver.hu\/garden\/wp-content\/uploads\/sites\/4\/2021\/05\/empty_grey_384x384px-300x300.png 300w, https:\/\/www.geoserver.hu\/garden\/wp-content\/uploads\/sites\/4\/2021\/05\/empty_grey_384x384px-150x150.png 150w\" sizes=\"(max-width: 384px) 100vw, 384px\" \/><\/noscript><img decoding=\"async\" width=\"384\" height=\"384\" src=\"https:\/\/www.geoserver.hu\/garden\/wp-content\/uploads\/sites\/4\/2021\/05\/empty_grey_384x384px.png\" class=\"wp-image-412 vp-lazyload\" alt=\"\u00dcres\" srcset=\"data:image\/svg+xml;base64,PHN2ZyB3aWR0aD0iMzg0IiBoZWlnaHQ9IjM4NCIgdmlld0JveD0iMCAwIDM4NCAzODQiIGZpbGw9Im5vbmUiIHhtbG5zPSJodHRwOi8vd3d3LnczLm9yZy8yMDAwL3N2ZyI+PC9zdmc+\" data-src=\"https:\/\/www.geoserver.hu\/garden\/wp-content\/uploads\/sites\/4\/2021\/05\/empty_grey_384x384px.png\" data-srcset=\"https:\/\/www.geoserver.hu\/garden\/wp-content\/uploads\/sites\/4\/2021\/05\/empty_grey_384x384px.png 384w, https:\/\/www.geoserver.hu\/garden\/wp-content\/uploads\/sites\/4\/2021\/05\/empty_grey_384x384px-300x300.png 300w, https:\/\/www.geoserver.hu\/garden\/wp-content\/uploads\/sites\/4\/2021\/05\/empty_grey_384x384px-150x150.png 150w\" data-sizes=\"auto\" loading=\"eager\">\n\t\t<div class=\"vp-portfolio__item-overlay\"><\/div>\n\n\t\t<\/a>\t<\/div>\n<\/div>\n\n\t<figcaption class=\"vp-portfolio__item-caption vp-portfolio__item-caption-text-align-center\">\n\t\t<div class=\"vp-portfolio__item-meta-wrap vp-portfolio__custom-scrollbar\">\n\t\t\t<div class=\"vp-portfolio__item-meta\">\n\t\t\t\t\n<h2 class=\"vp-portfolio__item-meta-title\">\n\t\t<a\n\t\thref=\"https:\/\/www.geoserver.hu\/garden\/wp-content\/uploads\/sites\/4\/2021\/05\/empty_grey_384x384px.png\"\n\t\t\t>\n\t\u00dcres<\/a><\/h2>\n\t\t\t<\/div>\n\t\t<\/div>\n\t<\/figcaption>\n\t\t\t<\/figure>\n\t\t\t\t\t<\/div>\n\t\t\n\t\t<div\t\tclass=\"vp-portfolio__item-wrap vp-portfolio__item-uid-10785d4b\" data-vp-filter=\"\" \t\t>\n\t\t\t\t\t\t\t\t\t<figure class=\"vp-portfolio__item\">\n\t\t\t\t\n<div class=\"vp-portfolio__item-img-wrap\">\n\t<div class=\"vp-portfolio__item-img\">\n\t\t\t<a\n\t\thref=\"https:\/\/www.geoserver.hu\/garden\/wp-content\/uploads\/sites\/4\/2021\/05\/empty_grey_384x384px.png\"\n\t\t\t>\n\t\n\t\t<noscript><img loading=\"lazy\" decoding=\"async\" width=\"384\" height=\"384\" data-skip-lazy src=\"https:\/\/www.geoserver.hu\/garden\/wp-content\/uploads\/sites\/4\/2021\/05\/empty_grey_384x384px.png\" class=\"wp-image-412\" alt=\"\u00dcres\" srcset=\"https:\/\/www.geoserver.hu\/garden\/wp-content\/uploads\/sites\/4\/2021\/05\/empty_grey_384x384px.png 384w, https:\/\/www.geoserver.hu\/garden\/wp-content\/uploads\/sites\/4\/2021\/05\/empty_grey_384x384px-300x300.png 300w, https:\/\/www.geoserver.hu\/garden\/wp-content\/uploads\/sites\/4\/2021\/05\/empty_grey_384x384px-150x150.png 150w\" sizes=\"(max-width: 384px) 100vw, 384px\" \/><\/noscript><img decoding=\"async\" width=\"384\" height=\"384\" src=\"https:\/\/www.geoserver.hu\/garden\/wp-content\/uploads\/sites\/4\/2021\/05\/empty_grey_384x384px.png\" class=\"wp-image-412 vp-lazyload\" alt=\"\u00dcres\" srcset=\"data:image\/svg+xml;base64,PHN2ZyB3aWR0aD0iMzg0IiBoZWlnaHQ9IjM4NCIgdmlld0JveD0iMCAwIDM4NCAzODQiIGZpbGw9Im5vbmUiIHhtbG5zPSJodHRwOi8vd3d3LnczLm9yZy8yMDAwL3N2ZyI+PC9zdmc+\" data-src=\"https:\/\/www.geoserver.hu\/garden\/wp-content\/uploads\/sites\/4\/2021\/05\/empty_grey_384x384px.png\" data-srcset=\"https:\/\/www.geoserver.hu\/garden\/wp-content\/uploads\/sites\/4\/2021\/05\/empty_grey_384x384px.png 384w, https:\/\/www.geoserver.hu\/garden\/wp-content\/uploads\/sites\/4\/2021\/05\/empty_grey_384x384px-300x300.png 300w, https:\/\/www.geoserver.hu\/garden\/wp-content\/uploads\/sites\/4\/2021\/05\/empty_grey_384x384px-150x150.png 150w\" data-sizes=\"auto\" loading=\"eager\">\n\t\t<div class=\"vp-portfolio__item-overlay\"><\/div>\n\n\t\t<\/a>\t<\/div>\n<\/div>\n\n\t<figcaption class=\"vp-portfolio__item-caption vp-portfolio__item-caption-text-align-center\">\n\t\t<div class=\"vp-portfolio__item-meta-wrap vp-portfolio__custom-scrollbar\">\n\t\t\t<div class=\"vp-portfolio__item-meta\">\n\t\t\t\t\n<h2 class=\"vp-portfolio__item-meta-title\">\n\t\t<a\n\t\thref=\"https:\/\/www.geoserver.hu\/garden\/wp-content\/uploads\/sites\/4\/2021\/05\/empty_grey_384x384px.png\"\n\t\t\t>\n\t\u00dcres<\/a><\/h2>\n\t\t\t<\/div>\n\t\t<\/div>\n\t<\/figcaption>\n\t\t\t<\/figure>\n\t\t\t\t\t<\/div>\n\t\t\n<\/div>\n\t\t<\/div>\n\t\t\n<\/div>\n<\/div>","protected":false},"excerpt":{"rendered":"","protected":false},"author":1,"featured_media":0,"parent":0,"menu_order":0,"comment_status":"closed","ping_status":"closed","template":"","meta":{"_uag_custom_page_level_css":"","_vp_format_video_url":"","_vp_image_focal_point":[],"footnotes":""},"uagb_featured_image_src":{"full":false,"thumbnail":false,"medium":false,"medium_large":false,"large":false,"1536x1536":false,"2048x2048":false,"vp_sm":false,"vp_md":false,"vp_lg":false,"vp_xl":false,"vp_sm_popup":false,"vp_md_popup":false,"vp_xl_popup":false,"rb-resume-thumbnail":false},"uagb_author_info":{"display_name":"siteadmin","author_link":"https:\/\/www.geoserver.hu\/garden\/author\/siteadmin\/"},"uagb_comment_info":0,"uagb_excerpt":null,"_links":{"self":[{"href":"https:\/\/www.geoserver.hu\/garden\/wp-json\/wp\/v2\/pages\/224"}],"collection":[{"href":"https:\/\/www.geoserver.hu\/garden\/wp-json\/wp\/v2\/pages"}],"about":[{"href":"https:\/\/www.geoserver.hu\/garden\/wp-json\/wp\/v2\/types\/page"}],"author":[{"embeddable":true,"href":"https:\/\/www.geoserver.hu\/garden\/wp-json\/wp\/v2\/users\/1"}],"replies":[{"embeddable":true,"href":"https:\/\/www.geoserver.hu\/garden\/wp-json\/wp\/v2\/comments?post=224"}],"version-history":[{"count":41,"href":"https:\/\/www.geoserver.hu\/garden\/wp-json\/wp\/v2\/pages\/224\/revisions"}],"predecessor-version":[{"id":485,"href":"https:\/\/www.geoserver.hu\/garden\/wp-json\/wp\/v2\/pages\/224\/revisions\/485"}],"wp:attachment":[{"href":"https:\/\/www.geoserver.hu\/garden\/wp-json\/wp\/v2\/media?parent=224"}],"curies":[{"name":"wp","href":"https:\/\/api.w.org\/{rel}","templated":true}]}}